at is the highest common factor of h and 12?
12
Let c(i) = -i**3 - 2*i - 5*i**2 - 1 + 7*i + 5*i. Let f be c(-7). Calculate the highest common factor of 81 and f.
27
Suppose 0*p - 11 = -4*d - p, 0 = 3*d - 3*p - 12. Let t be (10/(-4) + d)*12. Calculate the greatest common factor of t and 48.
6
Let d be 4286/14 + 5/(-35). Calculate the greatest common divisor of 34 and d.
34
Let r be (-1)/(0 - 1/(-119)). Let i = r - -171. Let m = 21 - 8. Calculate the highest common divisor of i and m.
13
Suppose 7 = 5*l - 53. Suppose -3*z + 75 = -0*z. Suppose k = z + 11. What is the greatest common factor of l and k?
12
Suppose 5*o - 27 - 25 = -2*g, -g + 3*o + 37 = 0. Calculate the greatest common divisor of g and 341.
31
Let q = -99 - -107. Let r(m) = 55*m**2 - m. Suppose 5*b - 1 = -6. Let z be r(b). Calculate the greatest common divisor of q and z.
8
Suppose 2*i - 7 = 5. Suppose -39 = 3*z - i*z. What is the highest common divisor of z and 13?
13
Let a(k) = 6*k**2 + 7 - k**2 - 3*k**2 - 10*k. Let d be a(7). What is the greatest common divisor of d and 7?
7
Suppose 4*w = 2*w + 6. Calculate the highest common divisor of w and 2.
1
Suppose 0 = 5*m - 2*m - 12. Calculate the greatest common factor of 28 and m.
4
Suppose 9*p - 7*p - 66 = 0. What is the highest common factor of p and 132?
33
Let n(a) be the third derivative of a**6/120 - a**5/20 - 5*a**4/24 + 4*a**3/3 + 7*a**2. Let y be n(4). Calculate the highest common divisor of 28 and y.
4
Let m(k) = k**2 + 19*k + 88. Let f be m(-12). Suppose 4*x = -9 + 37. Let r = 11 - x. Calculate the highest common factor of r and f.
4
Let d(t) = 4*t + 1. Let y be d(1). Suppose -3*z - 110 = -y*z. Let g be (-4)/6 - 17/(-3). What is the greatest common divisor of z and g?
5
Suppose -17 = 4*i - 3*s, -3*s = i - s + 18. Let t = i - -5. Let c(n) = -n**3 - n**2 - n - 4. Let z be c(t). What is the highest common factor of 17 and z?
17
Let g(m) = -3*m - 8. Let k be g(-6). Let z(x) be the third derivative of 5*x**4/12 + 2*x**2. Let q be z(1). What is the highest common factor of q and k?
10
Let o(g) = 3*g + 5. Let t(r) = 10*r + 15. Let j(y) = 7*o(y) - 2*t(y). Let c be j(13). Calculate the greatest common factor of c and 27.
9
Suppose 0 = 2*r + 12 - 2. Let h = r + 14. What is the highest common divisor of 36 and h?
9
Let k(m) = m + 2. Let a be k(4). Let p = a - -9. Calculate the greatest common divisor of 6 and p.
3
Let i(h) = 16*h - 3. Let q be i(9). Let r be (-4)/(-14) - q/(-21). Calculate the highest common factor of 28 and r.
7
Suppose -4*b + a - 346 = -23, 0 = b + 5*a + 107. Let x = b - -115. Calculate the highest common factor of 11 and x.
11
Let g = 227 - 47. Calculate the greatest common divisor of g and 20.
20
Let i(f) = f**3 - 17*f**2 + 5. Let o be i(17). What is the greatest common factor of o and 5?
5
Let p(h) = -8*h - 60. Let n be p(-16). What is the highest common factor of 4 and n?
4
Let u(p) = 9*p**2 - 1. Let v be u(1). Let q = 208 - 136. What is the highest common divisor of q and v?
8
Let m(j) be the third derivative of j**5/30 - j**4/12 + j**2. Let r = 18 - 12. Let q be m(r). What is the greatest common factor of 12 and q?
12
Let p(m) = 28*m**3 + 2*m**2 - 2*m + 1. Let h = -6 - -7. Let c be p(h). What is the greatest common divisor of c and 232?
29
Let o be 2/(-4)*96/(-2). Suppose 4*t - 2 = 22. Calculate the greatest common divisor of o and t.
6
Suppose m + 1 = 5. Suppose -2*x - 5*l + 8 = 2*x, -l = m*x - 8. Suppose 0 = x*a + a - 27. What is the highest common factor of 63 and a?
9
Let a be 26 - 12 - (0 + 0). Let q = -6 + 22. Suppose 2*x = 3*n + 2*n - 78, -q = -2*n - 3*x. Calculate the highest common factor of a and n.
14
Let u(v) = -v**2 + 19. Let b(h) = 4*h**3 + 7*h**2 - 3*h**3 - 2*h**2. Let q be b(-5). Let s be u(q). What is the greatest common factor of 190 and s?
19
Let z = -8 - -3. Let g be 1*24 + (z - -3). Calculate the greatest common divisor of 33 and g.
11
Let b be ((0/(-1))/2)/3. Suppose b*k - 15 = -5*k. Calculate the highest common divisor of k and 6.
3
Let l = 0 - -2. Suppose 1 + 3 = -l*p + 2*u, 0 = 2*p - u - 1. Suppose p*s - 15 = -0*s. What is the greatest common divisor of s and 45?
5
Suppose 2*b = 4*l - 8 + 2, -4*l = -12. What is the highest common factor of b and 3?
3
Let j = -21 + 35. Let l be (-418)/(-2) + (-1 - -2). Suppose 3*m = -2*m + l. What is the highest common divisor of j and m?
14
Let w(v) = 4*v. Let f be w(7). What is the highest common divisor of 14 and f?
14
Let b be 129/2*(80/12)/5. What is the greatest common divisor of 43 and b?
43
Suppose -20*b + 37 = -3. Calculate the highest common divisor of b and 3.
1
Suppose -8*y = -7*y - 4. Calculate the greatest common factor of y and 1.
1
Let i = 34 - 21. Let q = -131 - -222. Calculate the highest common factor of i and q.
13
Let t(c) = 8*c - 2. Let l be t(7). What is the highest common factor of 36 and l?
18
Let x be 5/(2 + 28/(-24)). Suppose 3*y - 3 = x. Calculate the greatest common divisor of y and 15.
3
Suppose 4*w = -3*j + 66, -3*w + 4*w + 3*j - 21 = 0. Calculate the greatest common factor of 6 and w.
3
Let y be 1/4 + 1/(-4). Let h = -3 - y. Let j = h + 12. Calculate the greatest common factor of 99 and j.
9
Let i = 47 - 23. Suppose l = -a - 1, -6 = 3*l - 0*l. Suppose 5*u - 16 = -a. What is the greatest common divisor of i and u?
3
Let z = 36 + -12. Suppose -3*y + 30 = 4*x, 5*x - 6 = y + x. Calculate the greatest common factor of z and y.
6
Let a = 1 - -4. Suppose 0 = -a*y + 4*x + 80, 23 = 4*y + 3*x + 2*x. What is the highest common divisor of 18 and y?
6
Let n(v) = v**3 + 6*v**2 + 5*v - 6. Let u be n(-5). Let d(z) = -z + 2. Let s be d(u). Calculate the highest common factor of 24 and s.
8
Suppose 104 = 3*u - 4*k - 136, -5*u - 3*k + 400 = 0. Let r = -40 + u. Calculate the greatest common divisor of r and 10.
10
Let f be (-312)/9*12/(-8). Calculate the highest common divisor of 78 and f.
26
Let z(f) = -2 + f - 2*f + 6*f. Let l be z(3). Calculate the greatest common factor of l and 91.
13
Let m be (12/(-8))/(1/(-14)). Calculate the greatest common factor of m and 21.
21
Let x be 2 - -6*(1 + -4). Let c be ((-9)/(-6))/((-6)/x). Suppose 3*h - 4*i - 24 = 0, -5*i + 1 - 8 = 2*h. Calculate the greatest common factor of c and h.
4
Suppose 2*i = -0*i. Suppose -3*j + b + 37 = i, 0 = -5*b - 5 - 0. What is the highest common factor of j and 6?
6
Let i be (2 - 5 - -2)*-1. Suppose -5 + i = -t. What is the highest common factor of 20 and t?
4
Let g be -11*((-4 - 0) + 3). What is the highest common divisor of 121 and g?
11
Let c = -21 + 30. Let z = 4 - 1. Calculate the greatest common factor of z and c.
3
Suppose -2*x = -5*h - 9, 5*h - 2*h + 7 = 2*x. Let i be 20*(6/(-15) + x). Calculate the highest common divisor of i and 4.
4
Let n(s) = s**3 - 3*s**2 - 5. Let d be n(4). Let h be (-238)/(-22) + -3 + 140/44. Calculate the greatest common divisor of d and h.
11
Let z be -1 + 5/1*17. Suppose 3*x = x - 36. Let v be x/12*-1*14. Calculate the greatest common divisor of v and z.
21
Let u = -4 - -28. Let m be 80/16 - 3*1. Suppose 5*o - 3*o + 38 = m*c, 4*c + o - 101 = 0. Calculate the greatest common factor of c and u.
24
Let i be 17/(-51) - 38/(-6). Calculate the highest common factor of 48 and i.
6
Suppose 5*h - 2*y = -0*y + 6, 4*h = -y + 10. Let k = 17 - h. What is the highest common divisor of k and 30?
15
Suppose -9*w + 7*w + 208 = -5*v, 0 = -5*w + 4*v + 554. Suppose 3*r + 2*r = 0. Suppose r = -4*t - 3 + 79. Calculate the highest common divisor of w and t.
19
Let r(l) be the first derivative of l**2/2 + 4*l + 3. Let y be r(6). Let w(g) = 7*g**2 + 2. Let n be w(-2). Calculate the greatest common factor of y and n.
10
Let l(d) = -2*d**3 - d**2 - 6*d - 4. Let p(y) = y + 7. Let g be p(-11). Let z be l(g). Calculate the highest common factor of 12 and z.
12
Let q be (2/(-6))/(1/(-102)). Suppose 0 = -0*t - 3*t + 5*a + 40, -2*a - q = -3*t. Suppose 5*z - 20 = 430. Calculate the highest common divisor of z and t.
10
Let f = -68 - -95. Calculate the highest common factor of 3 and f.
3
Let q = 9 + 11. Calculate the greatest common divisor of q and 5.
5
Let d = 10 - 7. Calculate the highest common divisor of 12 and d.
3
Suppose 3*i - y - 12 = -4*y, -4*y = 3*i - 17. Let u be (-13 - 1)*1*i. Let r(a) = 11*a + 1. Let p be r(5). Calculate the greatest common factor of p and 